{"id":3949,"date":"2021-11-23T11:02:14","date_gmt":"2021-11-23T10:02:14","guid":{"rendered":"https:\/\/2points.fr\/beta-3\/?page_id=3949"},"modified":"2022-12-14T18:38:20","modified_gmt":"2022-12-14T17:38:20","slug":"campagne-vaccination-grippe","status":"publish","type":"page","link":"https:\/\/2points.fr\/beta-3\/campagne-vaccination-grippe\/","title":{"rendered":"Campagne vaccination grippe"},"content":{"rendered":"\t\t<div data-elementor-type=\"wp-post\" data-elementor-id=\"3949\" class=\"elementor elementor-3949\" data-elementor-settings=\"[]\">\n\t\t\t\t\t\t<div class=\"elementor-inner\">\n\t\t\t\t\t\t\t<div class=\"elementor-section-wrap\">\n\t\t\t\t\t\t\t<section class=\"elementor-section elementor-top-section elementor-element elementor-element-e5dc143 elementor-section-full_width elementor-section-stretched elementor-section-height-default elementor-section-height-default\" data-id=\"e5dc143\" data-element_type=\"section\" data-settings=\"{&quot;stretch_section&quot;:&quot;section-stretched&quot;,&quot;background_background&quot;:&quot;classic&quot;}\">\n\t\t\t\t\t\t\t<div class=\"elementor-background-overlay\"><\/div>\n\t\t\t\t\t\t\t<div class=\"elementor-container elementor-column-gap-default\">\n\t\t\t\t\t\t\t<div class=\"elementor-row\">\n\t\t\t\t\t<div class=\"elementor-column elementor-col-100 elementor-top-column elementor-element elementor-element-f5bcc60\" data-id=\"f5bcc60\" data-element_type=\"column\">\n\t\t\t<div class=\"elementor-column-wrap elementor-element-populated\">\n\t\t\t\t\t\t\t<div class=\"elementor-widget-wrap\">\n\t\t\t\t\t\t<div class=\"elementor-element elementor-element-7700954 elementor-widget elementor-widget-heading\" data-id=\"7700954\" data-element_type=\"widget\" data-widget_type=\"heading.default\">\n\t\t\t\t<div class=\"elementor-widget-container\">\n\t\t\t<h2 class=\"elementor-heading-title elementor-size-default\">Campagne vaccination grippe<\/h2>\t\t<\/div>\n\t\t\t\t<\/div>\n\t\t\t\t\t\t<\/div>\n\t\t\t\t\t<\/div>\n\t\t<\/div>\n\t\t\t\t\t\t\t\t<\/div>\n\t\t\t\t\t<\/div>\n\t\t<\/section>\n\t\t\t\t<section class=\"elementor-section elementor-top-section elementor-element elementor-element-0a1cc3d elementor-section-stretched elementor-section-boxed elementor-section-height-default elementor-section-height-default\" data-id=\"0a1cc3d\" data-element_type=\"section\" data-settings=\"{&quot;stretch_section&quot;:&quot;section-stretched&quot;,&quot;background_background&quot;:&quot;classic&quot;}\">\n\t\t\t\t\t\t<div class=\"elementor-container elementor-column-gap-default\">\n\t\t\t\t\t\t\t<div class=\"elementor-row\">\n\t\t\t\t\t<div class=\"elementor-column elementor-col-100 elementor-top-column elementor-element elementor-element-0aa94f6\" data-id=\"0aa94f6\" data-element_type=\"column\">\n\t\t\t<div class=\"elementor-column-wrap elementor-element-populated\">\n\t\t\t\t\t\t\t<div class=\"elementor-widget-wrap\">\n\t\t\t\t\t\t<div class=\"elementor-element elementor-element-7d0966f elementor-widget elementor-widget-text-editor\" data-id=\"7d0966f\" data-element_type=\"widget\" data-widget_type=\"text-editor.default\">\n\t\t\t\t<div class=\"elementor-widget-container\">\n\t\t\t\t\t\t\t\t<div class=\"elementor-text-editor elementor-clearfix\">\n\t\t\t\t<p>Le Centre de Sant\u00e9 Haussmann participe \u00e0 la campagne de vaccination contre la grippe.<\/p><p>Cette campagne concerne plus de 12 millions de personnes pour qui la grippe repr\u00e9sente un risque de complication parfois grave. Il s\u2019agit notamment des personnes de 65 ans et plus, celles atteintes de certaines maladies chroniques (diab\u00e8te, insuffisance cardiaque ou respiratoire par exemple), les femmes enceintes.<\/p><p>En aidant \u00e0 combattre le virus et en diminuant le risque de complications, la vaccination contre la grippe peut sauver des vies, il s\u2019agit du premier geste \u00e0 adopter \u00e0 l\u2019approche de l\u2019hiver pour se prot\u00e9ger soi-m\u00eame et ses proches.<\/p><p>L\u2019assurance maladie adresse, chaque ann\u00e9e \u00e0 l\u2019automne, une invitation personnalis\u00e9e et un bon de prise en charge aux personnes concern\u00e9es par les recommandations vaccinales, \u00e0 l\u2019exception des femmes enceintes et des personnes ob\u00e8ses. Dans ce cas, le m\u00e9decin ou la sage-femme peut imprimer un bon de prise en charge sur le site de l\u2019assurance maladie et pourra prescrire le vaccin.<\/p><p>Si vous recevez l\u2019imprim\u00e9 de prise en charge de votre caisse d\u2019assurance maladie pour la premi\u00e8re fois, vous devez pr\u00e9senter ce document \u00e0 votre m\u00e9decin lors d\u2019une consultation. S\u2019il le juge n\u00e9cessaire, il prescrira le vaccin qui vous sera remis gratuitement par le pharmacien.<\/p><p>Pour les personnes ayant d\u00e9j\u00e0 b\u00e9n\u00e9fici\u00e9 du bon de prise en charge les ann\u00e9es pr\u00e9c\u00e9dentes, il suffit de se rendre \u00e0 la pharmacie qui leur remettra gratuitement le vaccin sur pr\u00e9sentation du bon. Le vaccin pourra ensuite \u00eatre inject\u00e9 par un m\u00e9decin ou un infirmier.<\/p><p>La consultation du m\u00e9decin ou de l\u2019infirmier pour r\u00e9aliser l\u2019injection n\u2019est pas gratuite, mais aucun frais ne vous sera demand\u00e9 si vous \u00eates couvert par la s\u00e9curit\u00e9 sociale et une compl\u00e9mentaire sant\u00e9.<\/p>\t\t\t\t\t<\/div>\n\t\t\t\t\t\t<\/div>\n\t\t\t\t<\/div>\n\t\t\t\t\t\t<\/div>\n\t\t\t\t\t<\/div>\n\t\t<\/div>\n\t\t\t\t\t\t\t\t<\/div>\n\t\t\t\t\t<\/div>\n\t\t<\/section>\n\t\t\t\t\t\t<\/div>\n\t\t\t\t\t\t<\/div>\n\t\t\t\t\t<\/div>\n\t\t","protected":false},"excerpt":{"rendered":"<p>Le Centre de Sant\u00e9 Haussmann participe \u00e0 la campagne de vaccination contre la grippe. Cette campagne concerne plus de 12 millions de personnes pour qui la grippe repr\u00e9sente un risque de complication parfois grave. Il s\u2019agit notamment des personnes de 65 ans et plus, celles atteintes de certaines maladies chroniques (diab\u00e8te, insuffisance cardiaque ou respiratoire [&hellip;]<\/p>\n","protected":false},"author":1,"featured_media":0,"parent":0,"menu_order":0,"comment_status":"closed","ping_status":"closed","template":"","meta":[],"_links":{"self":[{"href":"https:\/\/2points.fr\/beta-3\/wp-json\/wp\/v2\/pages\/3949"}],"collection":[{"href":"https:\/\/2points.fr\/beta-3\/wp-json\/wp\/v2\/pages"}],"about":[{"href":"https:\/\/2points.fr\/beta-3\/wp-json\/wp\/v2\/types\/page"}],"author":[{"embeddable":true,"href":"https:\/\/2points.fr\/beta-3\/wp-json\/wp\/v2\/users\/1"}],"replies":[{"embeddable":true,"href":"https:\/\/2points.fr\/beta-3\/wp-json\/wp\/v2\/comments?post=3949"}],"version-history":[{"count":11,"href":"https:\/\/2points.fr\/beta-3\/wp-json\/wp\/v2\/pages\/3949\/revisions"}],"predecessor-version":[{"id":5138,"href":"https:\/\/2points.fr\/beta-3\/wp-json\/wp\/v2\/pages\/3949\/revisions\/5138"}],"wp:attachment":[{"href":"https:\/\/2points.fr\/beta-3\/wp-json\/wp\/v2\/media?parent=3949"}],"curies":[{"name":"wp","href":"https:\/\/api.w.org\/{rel}","templated":true}]}}