{"id":3833,"date":"2021-11-22T15:43:12","date_gmt":"2021-11-22T14:43:12","guid":{"rendered":"https:\/\/2points.fr\/beta-3\/?page_id=3833"},"modified":"2021-12-10T16:14:15","modified_gmt":"2021-12-10T15:14:15","slug":"radiographie-dentaire","status":"publish","type":"page","link":"https:\/\/2points.fr\/beta-3\/radiographie-dentaire\/","title":{"rendered":"Radiographie Dentaire"},"content":{"rendered":"\t\t<div data-elementor-type=\"wp-post\" data-elementor-id=\"3833\" class=\"elementor elementor-3833\" data-elementor-settings=\"[]\">\n\t\t\t\t\t\t<div class=\"elementor-inner\">\n\t\t\t\t\t\t\t<div class=\"elementor-section-wrap\">\n\t\t\t\t\t\t\t<section class=\"elementor-section elementor-top-section elementor-element elementor-element-e5dc143 elementor-section-full_width elementor-section-stretched elementor-section-height-default elementor-section-height-default\" data-id=\"e5dc143\" data-element_type=\"section\" data-settings=\"{&quot;stretch_section&quot;:&quot;section-stretched&quot;,&quot;background_background&quot;:&quot;classic&quot;}\">\n\t\t\t\t\t\t\t<div class=\"elementor-background-overlay\"><\/div>\n\t\t\t\t\t\t\t<div class=\"elementor-container elementor-column-gap-default\">\n\t\t\t\t\t\t\t<div class=\"elementor-row\">\n\t\t\t\t\t<div class=\"elementor-column elementor-col-100 elementor-top-column elementor-element elementor-element-f5bcc60\" data-id=\"f5bcc60\" data-element_type=\"column\">\n\t\t\t<div class=\"elementor-column-wrap elementor-element-populated\">\n\t\t\t\t\t\t\t<div class=\"elementor-widget-wrap\">\n\t\t\t\t\t\t<div class=\"elementor-element elementor-element-7700954 elementor-widget elementor-widget-heading\" data-id=\"7700954\" data-element_type=\"widget\" data-widget_type=\"heading.default\">\n\t\t\t\t<div class=\"elementor-widget-container\">\n\t\t\t<h2 class=\"elementor-heading-title elementor-size-default\">Radiographie Dentaire<\/h2>\t\t<\/div>\n\t\t\t\t<\/div>\n\t\t\t\t\t\t<\/div>\n\t\t\t\t\t<\/div>\n\t\t<\/div>\n\t\t\t\t\t\t\t\t<\/div>\n\t\t\t\t\t<\/div>\n\t\t<\/section>\n\t\t\t\t<section class=\"elementor-section elementor-top-section elementor-element elementor-element-0a1cc3d elementor-section-stretched elementor-section-boxed elementor-section-height-default elementor-section-height-default\" data-id=\"0a1cc3d\" data-element_type=\"section\" data-settings=\"{&quot;stretch_section&quot;:&quot;section-stretched&quot;,&quot;background_background&quot;:&quot;classic&quot;}\">\n\t\t\t\t\t\t<div class=\"elementor-container elementor-column-gap-default\">\n\t\t\t\t\t\t\t<div class=\"elementor-row\">\n\t\t\t\t\t<div class=\"elementor-column elementor-col-100 elementor-top-column elementor-element elementor-element-0aa94f6\" data-id=\"0aa94f6\" data-element_type=\"column\">\n\t\t\t<div class=\"elementor-column-wrap elementor-element-populated\">\n\t\t\t\t\t\t\t<div class=\"elementor-widget-wrap\">\n\t\t\t\t\t\t<div class=\"elementor-element elementor-element-7d0966f elementor-widget elementor-widget-text-editor\" data-id=\"7d0966f\" data-element_type=\"widget\" data-widget_type=\"text-editor.default\">\n\t\t\t\t<div class=\"elementor-widget-container\">\n\t\t\t\t\t\t\t\t<div class=\"elementor-text-editor elementor-clearfix\">\n\t\t\t\t<p>Les doses de radiations \u00e9mises lors de radiographies dentaires sont bien en dessous du seuil autoris\u00e9.<\/p><p>Si vous \u00eates enceinte ou si vous \u00eates susceptible de l\u2019\u00eatre, vous devez le pr\u00e9ciser \u00e0 votre m\u00e9decin, chirurgien dentiste ou manipulateur radio afin qu\u2019il puisse d\u00e9cider, de mani\u00e8re avis\u00e9e, des suites de vos examens et soins.<\/p><h6><strong>PANORAMIQUE DENTAIRE\u00a0<\/strong><\/h6><p>La radiographie panoramique dentaire permet d\u2019obtenir en un seul clich\u00e9, une vue d\u2019ensemble des dents du patient, ainsi que ses deux m\u00e2choires et ses articulations.<\/p><p>L\u2019examen est tr\u00e8s rapide et indolore, la t\u00eate du patient est maintenue par un syst\u00e8me de contention afin de rester immobile.<\/p><h6><strong>TELECRANE\u00a0<\/strong><\/h6><p>La t\u00e9l\u00e9radiographie du cr\u00e2ne permet d\u2019obtenir une image de face ou de profil du cr\u00e2ne, afin de prendre des mesures avant des soins orthodontistes. Elle est g\u00e9n\u00e9ralement coupl\u00e9e \u00e0 une radiographie panoramique dentaire.<\/p><p>L\u2019examen est tr\u00e8s rapide et indolore, comme une simple radiographie. Un capteur plan permet d\u2019obtenir une image num\u00e9ris\u00e9e.<\/p><h6><strong>LONG CONE\u00a0<\/strong><\/h6><p>Le bilan long c\u00f4ne est une radiographie compl\u00e8te de l\u2019arcade maxillaire et mandibulaire ainsi que des dents.<br \/>C\u2019est la technique de r\u00e9f\u00e9rence pour la recherche de l\u00e9sions osseuses parodontales, le diagnostic de caries et de leurs complications infectieuses.<\/p><p>Tr\u00e8s pr\u00e9cis, il consiste \u00e0 prendre une quinzaine de clich\u00e9s des dents. L\u2019examen dure une vingtaine de minutes.<\/p><h6><strong>CONE BEAM<\/strong><\/h6><p>Le cone beam (ou CBCT) dentaire est une nouvelle technique de radiographie num\u00e9ris\u00e9e. Comme son nom l\u2019indique, le faisceau d\u2019irradiation est de forme conique.<\/p><p>Le cone beam est pr\u00e9conis\u00e9 dans les cas suivants : Pathologies infectieuses \/ Pathologies osseuses \/ Kystes \/ Pathologies tumorales \/ Pathologies des sinus maxillaires \/ Dents incluses \/ Dents de sagesse \/ Pathologies de l\u2019articulation temporo-mandibulaire \/ Implants dentaires.<\/p><p>Le cone beam reste l\u2019examen le plus appropri\u00e9 en implantologie.<br \/>L\u2019examen est \u00e0 peu pr\u00e8s similaire \u00e0 celui du panoramique dentaire. Tr\u00e8s rapide et indolore, la t\u00eate du patient est maintenue par un syst\u00e8me de contention afin de rester immobile<\/p>\t\t\t\t\t<\/div>\n\t\t\t\t\t\t<\/div>\n\t\t\t\t<\/div>\n\t\t\t\t<div class=\"elementor-element elementor-element-3dd2336 elementor-widget elementor-widget-heading\" data-id=\"3dd2336\" data-element_type=\"widget\" data-widget_type=\"heading.default\">\n\t\t\t\t<div class=\"elementor-widget-container\">\n\t\t\t<h2 class=\"elementor-heading-title elementor-size-default\">Autres examens pratiqu\u00e9s :<\/h2>\t\t<\/div>\n\t\t\t\t<\/div>\n\t\t\t\t<div class=\"elementor-element elementor-element-dd226e0 elementor-widget elementor-widget-text-editor\" data-id=\"dd226e0\" data-element_type=\"widget\" data-widget_type=\"text-editor.default\">\n\t\t\t\t<div class=\"elementor-widget-container\">\n\t\t\t\t\t\t\t\t<div class=\"elementor-text-editor elementor-clearfix\">\n\t\t\t\t<p>Bilan Long C\u00f4ne<br \/>Radiographie Panoramique Dentaire<br \/>T\u00e9l\u00e9radiographie du Cr\u00e2ne <em>(T\u00e9l\u00e9cr\u00e2ne)<\/em><br \/>Scanner Dentaire <em>(Cone Beam)<\/em><\/p>\t\t\t\t\t<\/div>\n\t\t\t\t\t\t<\/div>\n\t\t\t\t<\/div>\n\t\t\t\t\t\t<\/div>\n\t\t\t\t\t<\/div>\n\t\t<\/div>\n\t\t\t\t\t\t\t\t<\/div>\n\t\t\t\t\t<\/div>\n\t\t<\/section>\n\t\t\t\t<section class=\"elementor-section elementor-top-section elementor-element elementor-element-e0f1b61 elementor-section-stretched elementor-section-full_width elementor-section-height-default elementor-section-height-default\" data-id=\"e0f1b61\" data-element_type=\"section\" data-settings=\"{&quot;stretch_section&quot;:&quot;section-stretched&quot;,&quot;background_background&quot;:&quot;classic&quot;}\">\n\t\t\t\t\t\t<div class=\"elementor-container elementor-column-gap-no\">\n\t\t\t\t\t\t\t<div class=\"elementor-row\">\n\t\t\t\t\t<div class=\"elementor-column elementor-col-100 elementor-top-column elementor-element elementor-element-ca81c44\" data-id=\"ca81c44\" data-element_type=\"column\">\n\t\t\t<div class=\"elementor-column-wrap elementor-element-populated\">\n\t\t\t\t\t\t\t<div class=\"elementor-widget-wrap\">\n\t\t\t\t\t\t<div class=\"elementor-element elementor-element-35f6a43 elementor-widget elementor-widget-html\" data-id=\"35f6a43\" data-element_type=\"widget\" data-widget_type=\"html.default\">\n\t\t\t\t<div class=\"elementor-widget-container\">\n\t\t\t<p align=center><iframe loading=\"lazy\" style=\"height: 304px; min-height: 304px; width: 100%;\" src=\"https:\/\/partners.doctolib.fr\/centre-de-sante\/paris-9e-arrondissement\/centre-de-sante-haussmann?vmid=143313&speciality_id=11&locale=fr\" width=\"300\" height=\"150\" scrolling=\"no\"><\/iframe><script src=\"https:\/\/www.doctolib.fr\/js\/iframeResizer.js\"><\/script><script>iFrameResize()<\/script>\t\t<\/div>\n\t\t\t\t<\/div>\n\t\t\t\t\t\t<\/div>\n\t\t\t\t\t<\/div>\n\t\t<\/div>\n\t\t\t\t\t\t\t\t<\/div>\n\t\t\t\t\t<\/div>\n\t\t<\/section>\n\t\t\t\t\t\t<\/div>\n\t\t\t\t\t\t<\/div>\n\t\t\t\t\t<\/div>\n\t\t","protected":false},"excerpt":{"rendered":"<p>Les doses de radiations \u00e9mises lors de radiographies dentaires sont bien en dessous du seuil autoris\u00e9. Si vous \u00eates enceinte ou si vous \u00eates susceptible de l\u2019\u00eatre, vous devez le pr\u00e9ciser \u00e0 votre m\u00e9decin, chirurgien dentiste ou manipulateur radio afin qu\u2019il puisse d\u00e9cider, de mani\u00e8re avis\u00e9e, des suites de vos examens et soins. PANORAMIQUE DENTAIRE\u00a0 [&hellip;]<\/p>\n","protected":false},"author":1,"featured_media":0,"parent":0,"menu_order":0,"comment_status":"closed","ping_status":"closed","template":"","meta":[],"_links":{"self":[{"href":"https:\/\/2points.fr\/beta-3\/wp-json\/wp\/v2\/pages\/3833"}],"collection":[{"href":"https:\/\/2points.fr\/beta-3\/wp-json\/wp\/v2\/pages"}],"about":[{"href":"https:\/\/2points.fr\/beta-3\/wp-json\/wp\/v2\/types\/page"}],"author":[{"embeddable":true,"href":"https:\/\/2points.fr\/beta-3\/wp-json\/wp\/v2\/users\/1"}],"replies":[{"embeddable":true,"href":"https:\/\/2points.fr\/beta-3\/wp-json\/wp\/v2\/comments?post=3833"}],"version-history":[{"count":27,"href":"https:\/\/2points.fr\/beta-3\/wp-json\/wp\/v2\/pages\/3833\/revisions"}],"predecessor-version":[{"id":4769,"href":"https:\/\/2points.fr\/beta-3\/wp-json\/wp\/v2\/pages\/3833\/revisions\/4769"}],"wp:attachment":[{"href":"https:\/\/2points.fr\/beta-3\/wp-json\/wp\/v2\/media?parent=3833"}],"curies":[{"name":"wp","href":"https:\/\/api.w.org\/{rel}","templated":true}]}}